e tens digit of w?
4
Suppose -j = 3*s - 50, -2*s + 196 = 4*j - 24. What is the units digit of j?
6
Suppose 0 = -2*r - 2. Let y(k) = -k + 1. Let q be y(r). Suppose -2*j - p = -23, -q*p - p = j - 14. What is the tens digit of j?
1
Suppose -3*f + 58 = -f. What is the tens digit of f?
2
Let v(c) = c**3 - 3*c**2 + 4*c + 5. What is the tens digit of v(4)?
3
Let l(s) = s - 2*s**2 - 1 + s - 2*s. Let h be l(-2). Let c = h + 21. What is the tens digit of c?
1
Let h(q) = q**2 + 2*q. Let l be h(-3). Suppose l = 2*s - s. Suppose -2*t = -2*v + 8, -3*t = s*v + v + 5. What is the units digit of v?
1
Let j = 4 + 2. Let v(g) = g**2 - 5*g + 6. What is the units digit of v(j)?
2
Let f be (-2)/(-9) - (-88)/9. Suppose f = 3*r + 4. What is the units digit of r?
2
Suppose -2*d = -5*a + 21, -5*d - 6*a + 2*a + 30 = 0. What is the units digit of (d/(-3))/(6/(-36))?
4
Suppose 91 = 4*y + o, 2*y + 3*o - 89 = -2*y. What is the units digit of y?
3
Suppose 20 + 8 = 4*p. What is the units digit of p?
7
Let b be 1*(6 - (0 - -3)). Suppose -52 = -r - 4*c - c, c + 124 = b*r. What is the tens digit of r?
4
Let z(s) = -27*s - 42. What is the tens digit of z(-11)?
5
Suppose 5*x - g - 17 = 0, 3*x = 8*x + 3*g - 9. Let k = 3 + x. What is the units digit of k?
6
Let f(c) = c**3 - 6*c**2 + 4*c + 5. Let r be f(5). Let i(u) = u**3 + u**2 + 2. Let g be i(r). What is the units digit of g*(3 - 1 - -3)?
0
What is the units digit of (-16)/20*(-2 + -38)?
2
Suppose 5*w + 2*o - 184 + 45 = 0, 4*o = w - 19. What is the units digit of w?
7
Suppose 4*m - 7 = 9. Suppose 6 = -2*c + m*d, 2*c + 4*d + 1 = 19. What is the units digit of c?
3
Suppose -l + 36 = 3*l - 4*m, 0 = 2*l + 2*m - 18. Let p = l + -2. What is the units digit of p?
7
Let j(c) = c**3 - c**2 - 4*c + 3. Let n = 4 - 0. What is the units digit of j(n)?
5
Let i = -13 + 9. What is the units digit of (76/i)/(0 - 1)?
9
Suppose 2*v + 35 = 5*j, -j + 3*v + 13 + 7 = 0. Let u = j + -3. Let b = u - -13. What is the units digit of b?
5
What is the tens digit of ((-54)/10)/(1/(-5))?
2
Let o = -5 - -13. Suppose -5*r - 3*b = 9 + 13, 0 = 2*b + 8. Let q = o - r. What is the tens digit of q?
1
Let j(g) = g**3 - 12*g**2 + 7*g + 15. Let l be j(12). What is the units digit of (-22)/l + 832/18?
6
Let w(h) = 0*h + 3*h - 4*h + 7*h**2 - 1 - h. What is the tens digit of w(2)?
2
Suppose 0 = -i + 2*o - 3 + 17, -37 = -3*i + 5*o. Suppose -i*u + 11 = 2*d - d, 3*d = 4*u + 17. What is the units digit of d?
7
Let c(d) be the second derivative of d**5/20 + 5*d**4/12 - 5*d**3/6 + d**2 + d. Let v be c(-6). What is the tens digit of v/((-12)/39) + -2?
1
Let d = 4 - 2. Suppose -d = 2*m - m. What is the units digit of -2 + (m - -30)/2?
2
Let o(t) be the first derivative of -t**3/3 + 7*t**2/2 - 5*t + 2. What is the units digit of o(4)?
7
Let r be 4/6 + (-82)/6. What is the tens digit of (-6)/3*r/2?
1
Let h(g) = 5*g**2 + 2*g + 1. Let p be h(-1). Let x = 2 - p. What is the tens digit of 25/x*4/(-5)?
1
Let r = -1 + 3. Suppose 0 = -5*y - 15, 4*q + 4 + r = 2*y. Let v(j) = -j + 2. What is the units digit of v(q)?
5
Suppose 4*o + 30 - 242 = 0. What is the units digit of o?
3
Suppose f = -2*w - 5 + 1, -2*f - 3*w - 4 = 0. What is the units digit of f?
4
Suppose 3*s - 5*a + 12 = 0, s + 5 = -5*a + 21. Let d = 2 - s. Suppose 0 = 4*f - 31 - d. What is the units digit of f?
8
Let s be (-12)/(-1)*(-26)/(-3). Let c = s - 74. What is the units digit of c?
0
Suppose 2*o - 4*j + 24 = 5*o, 4*o - 32 = 3*j. Suppose r + 3*r = o. What is the units digit of r?
2
Let c = -8 - -12. Suppose -v - 2 = -2*d, -2*v - v = -c*d. What is the units digit of d?
3
Let r(y) = y. Let d be r(2). Suppose -3*o + 1 + 21 = d*u, 2*o - 4*u - 4 = 0. What is the tens digit of 3/2*76/o?
1
Let y(q) = q**2 + q + 5. Let h be y(-4). Let b = h - 12. What is the units digit of (-84)/(-10) + (-2)/b?
8
What is the units digit of (11 - 8) + 2*1?
5
Let d(q) = -q + 1. Let c be d(11). Let m = 11 - c. What is the units digit of m?
1
Let a(i) be the first derivative of -i**3/3 + 5*i**2/2 - 3*i - 2. What is the units digit of a(3)?
3
Suppose -b + 3 = 1. Suppose j - b*z = 1 + 15, 4*z + 22 = j. What is the tens digit of j?
1
Let r = 10 + 10. What is the units digit of r?
0
Let u be -18*(1 + (-21)/9). Let p = u + -9. What is the tens digit of p?
1
Let c = 6 + -2. Suppose 0 = -r + 1 + c. What is the units digit of r?
5
What is the tens digit of 5*(2 + (-26)/(-5))?
3
Let s(q) = 4*q - 6. Let x be s(4). Let t(d) = d**2 - 8*d - 9. What is the tens digit of t(x)?
1
Let f(t) be the first derivative of -t**4/4 + 2*t**3 + 7*t - 6. What is the units digit of f(6)?
7
Let g(x) = -x**3 - 2*x**2 - x. Let q be g(-1). Suppose -z - 4*z + 40 = 5*i, -4*i - 3*z + 27 = q. Suppose -i*a = -7*a + 12. What is the units digit of a?
3
Suppose 0 = 7*l - 3*l - 524. What is the units digit of l?
1
Let k = 75 + 20. Suppose 0 = 2*p + 5*l - 11 - k, 0 = -4*p - 3*l + 198. What is the tens digit of p?
4
Let j(f) = -5*f + 23. Let a(w) = w - 6. Let n(s) = -9*a(s) - 2*j(s). Let q be n(-4). Suppose 12 = 4*m - q, -4*m + 7 = -3*y. What is the units digit of y?
3
Suppose 4*y - 8 = 8. Suppose -4*c - 32 = 4*n, 4*n + 4 = y*c - n. What is the units digit of 30/(1/((-2)/c))?
5
Suppose 0 = -5*o + 6*o - 162. What is the units digit of o?
2
Suppose 15 = -0*g + 3*g. Suppose -g*r + 57 + 13 = 0. What is the units digit of r?
4
Let o be ((-18)/(-15))/((-4)/(-10)). Suppose o*t = -4*b + 11, -b - 4 = -0*b + 3*t. What is the units digit of b?
5
Let r be 33/(-3) + (1 - -1). Let s = 10 + r. What is the units digit of s?
1
Suppose -z - v = -5*z + 9, -v = -2*z + 3. Suppose p = 5*p - z*l + 7, 0 = -3*p - 3*l. What is the tens digit of 1/(p - 51/(-48))?
1
Suppose p = 3*p + 2*j + 12, -3*p + 5*j = 42. What is the units digit of (-9)/(-12) - p/4?
3
Suppose 3*d + 5 = 20. Suppose 0 = -2*m - d*i + 29, i + 0*i - 11 = -3*m. What is the units digit of m?
2
Let h(a) = -2*a**3 + 0*a**3 - 7*a + 2 + 5*a**2 + 1 + 3*a**3. What is the units digit of h(-6)?
9
Let m be 2/4 - (-5)/10. Let n be (-2)/m*(-1)/1. What is the units digit of (n - 7)*8/(-10)?
4
What is the tens digit of -2 + (-4 - -38 - -4)?
3
Suppose -3*i + 5 = -4. Suppose -6 = 3*z + i. Let v(l) = 2*l**2 + 3*l - 1. What is the units digit of v(z)?
8
Let j(y) = -6*y - 59. Let x(k) = -2*k - 20. Let s(l) = -3*j(l) + 8*x(l). What is the units digit of s(10)?
7
Suppose 0 = q - 20 - 0. What is the units digit of 514/10 + (-8)/q?
1
Let c = 279 - 164. What is the units digit of c?
5
Suppose -6*a + a + 25 = 0. Suppose -a*h = 2*o - 9 + 1, 4*o - h = 60. What is the tens digit of o?
1
Let n be 2 + 0 - (-9)/(-3). Let z = -1 - n. Suppose -4*g + g + 2*y + 19 = z, -10 = 5*y. What is the units digit of g?
5
Suppose j - 5*l - 150 = 0, 5*l - 650 = j - 5*j. What is the units digit of j?
0
Suppose 5*s - 8 = -4*g, -2*g = -4*s + 3*s - 18. Let k = 10 - g. What is the units digit of k?
3
Suppose -w + 44 = 3*w. Let i = 7 - w. Let t(o) = o**2 + 2*o - 2. What is the units digit of t(i)?
6
Let l(p) = -p**3 + 4*p**2 + 6*p - 1. Let s be l(5). Suppose 1 = -s*y - 3. Let f(r) = -8*r**3 + r**2. What is the units digit of f(y)?
9
Suppose 3*i + 1 = 4*i. What is the units digit of -1 - (i + -1 + -16)?
5
What is the units digit of (45/(-12))/(2/(-16))?
0
Let p = -25 + 99. What is the tens digit of p?
7
What is the hundreds digit of (-3)/(-15) + 80/(-25) + 151?
1
Let d = -5 - -10. Let c = d - 4. What is the units digit of c?
1
Let o be ((-208)/24)/(4/(-30)). Let b = o - 39. What is the units digit of b?
6
Let s be 651/(-15) + 8/20. Let x = 73 + s. What is the tens digit of x?
3
Let n(w) = w + 2. Let k be n(-2). Suppose k = 2*u + 1 - 3. Suppose -u - 23 = -2*a. What is the units digit of a?
2
What is the units digit of (-7)/(-2)*66*(-14)/(-21)?
4
Let m(f) = 4*f**2 - f. What is the units digit of m(-1)?
5
Suppose -73 = -3*s + 98. What is the units digit of s?
7
Let p be 9/3 - (1 + 16). Let b = 25 + p. What is the units digit of b?
1
Let z be (-31)/(-11) + (-6)/(-33). Suppose -4*d + 33 = o, z*d - 34 = -d - 2*o. Let k = d + 2. What is the tens digit of k?
1
Let w(s) = 14*s + 4. What is the tens digit of w(2)?
3
Suppose 6*i - 3*i = 552. Suppose 5*t - i - 51 = 0. What is the units digit of t?
7
Let y(f) = 0 + 1 + 0 - f + 7. What is the units digit of y(4)?
4
Let b be (0 - 3) + 3 + -64. What is the tens digit of 2/(